ainder when 465208 is divided by 115573?
2916
What is the remainder when 27158 is divided by 244?
74
Calculate the remainder when 7799818 is divided by 49.
47
What is the remainder when 174752701 is divided by 28?
25
What is the remainder when 286157 is divided by 6787?
1103
What is the remainder when 14901603 is divided by 134?
133
What is the remainder when 3667033 is divided by 154?
139
What is the remainder when 39226389 is divided by 5615?
5614
Calculate the remainder when 292973 is divided by 1164.
809
Calculate the remainder when 1927330 is divided by 77093.
5
What is the remainder when 34312 is divided by 2445?
82
Calculate the remainder when 10854030 is divided by 675.
30
What is the remainder when 631462 is divided by 552?
526
Calculate the remainder when 75964 is divided by 25321.
1
What is the remainder when 4188923 is divided by 6901?
16
What is the remainder when 2881698 is divided by 9?
6
Calculate the remainder when 548896 is divided by 1307.
1263
What is the remainder when 1391947311 is divided by 56?
55
Calculate the remainder when 13733484 is divided by 1564.
0
Calculate the remainder when 5517295 is divided by 746.
625
What is the remainder when 110557 is divided by 18401?
151
What is the remainder when 19924120 is divided by 70?
20
Calculate the remainder when 39250100 is divided by 343.
267
Calculate the remainder when 165412620 is divided by 18379179.
9
What is the remainder when 54424628 is divided by 3662?
3646
What is the remainder when 2161200 is divided by 1530?
840
Calculate the remainder when 3491017 is divided by 1.
0
What is the remainder when 112756683 is divided by 146?
7
What is the remainder when 998065 is divided by 186?
175
What is the remainder when 124669 is divided by 31121?
185
Calculate the remainder when 36891976 is divided by 36891973.
3
Calculate the remainder when 1431084 is divided by 476.
228
Calculate the remainder when 2448043 is divided by 266.
45
Calculate the remainder when 4819729 is divided by 204.
25
Calculate the remainder when 174580328 is divided by 489.
482
Calculate the remainder when 1581212 is divided by 262.
42
Calculate the remainder when 2465410 is divided by 493048.
170
Calculate the remainder when 14986756 is divided by 130.
96
Calculate the remainder when 13034209 is divided by 2245.
1984
What is the remainder when 6725642 is divided by 113?
108
What is the remainder when 3546040 is divided by 450?
40
What is the remainder when 2353718 is divided by 37963?
12
What is the remainder when 29109903 is divided by 393?
0
What is the remainder when 1588120 is divided by 2541?
2536
What is the remainder when 890816 is divided by 1010?
1006
What is the remainder when 865033 is divided by 906?
709
What is the remainder when 51394940 is divided by 3197?
3165
Calculate the remainder when 2250585 is divided by 4593.
15
What is the remainder when 6406976 is divided by 787?
9
Calculate the remainder when 8859362 is divided by 1476557.
20
Calculate the remainder when 16193402 is divided by 16193387.
15
Calculate the remainder when 556978 is divided by 6401.
91
What is the remainder when 2735059 is divided by 884?
847
Calculate the remainder when 340345 is divided by 56620.
625
What is the remainder when 2160012 is divided by 536?
468
What is the remainder when 34281862 is divided by 3116531?
21
Calculate the remainder when 116043 is divided by 15970.
4253
What is the remainder when 19866903 is divided by 19866897?
6
What is the remainder when 533925 is divided by 80?
5
What is the remainder when 7215997 is divided by 9359?
208
What is the remainder when 50301954 is divided by 171679?
7
What is the remainder when 4569146 is divided by 1053?
179
What is the remainder when 27779606 is divided by 841806?
8
Calculate the remainder when 2173055 is divided by 434610.
5
Calculate the remainder when 4063555 is divided by 965.
905
What is the remainder when 1611939794 is divided by 9335?
9334
Calculate the remainder when 302315 is divided by 30168.
635
What is the remainder when 302275 is divided by 264?
259
Calculate the remainder when 2526392 is divided by 2526329.
63
Calculate the remainder when 109161214 is divided by 452951.
23
Calculate the remainder when 2351949 is divided by 156796.
9
Calculate the remainder when 2493584 is divided by 155838.
176
What is the remainder when 67746643 is divided by 47?
44
What is the remainder when 15953757 is divided by 7386?
7383
What is the remainder when 112157 is divided by 4?
1
Calculate the remainder when 51108 is divided by 2201.
485
What is the remainder when 39665095 is divided by 75?
70
What is the remainder when 2770602 is divided by 2063?
2056
Calculate the remainder when 844217 is divided by 170.
167
What is the remainder when 2949798 is divided by 56?
54
What is the remainder when 931039 is divided by 103447?
16
Calculate the remainder when 520627 is divided by 130076.
323
What is the remainder when 10241966 is divided by 21074?
2
What is the remainder when 854706 is divided by 284599?
909
What is the remainder when 5230866634 is divided by 18?
16
What is the remainder when 68586 is divided by 339?
108
Calculate the remainder when 305699 is divided by 33964.
23
Calculate the remainder when 2026552 is divided by 1013272.
8
What is the remainder when 214154 is divided by 1347?
1328
What is the remainder when 373664 is divided by 16673?
6858
Calculate the remainder when 41771399 is divided by 10.
9
What is the remainder when 581327 is divided by 10?
7
Calculate the remainder when 11231587 is divided by 14567.
430
Calculate the remainder when 1899442 is divided by 754.
116
Calculate the remainder when 2079868 is divided by 1304.
1292
Calculate the remainder when 108937 is divided by 1173.
1021
Calculate the remainder when 3770066 is divided by 101868.
950
What is the remainder when 22753 is divided by 22658?
95
What is the remainder when 4344618 is divided by 12969?
3
Calculate the remainder when 163938 is divided by 2049.
18
Calculate the remainder when 311149 is divided by 1921.
1868
Calculate the remainder when 108183 is divided by 1215.
48
Calculate the remainder when 3284549 is divided by 82113.
29
What is the remainder when 8793479 is divided by 3687?
3671
What is the remainder when 3389288 is divided by 1068?
524
Calculate the remainder when 55380 is divided by 288.
84
What is the remainder when 956949 is divided by 10750?
199
Calculate the remainder when 356607678 is divided by 8.
6
Calculate the remainder when 8774711 is divided by 1754933.
46
What is the remainder when 627581 is divided by 207?
164
Calculate the remainder when 5862833 is divided by 2864.
225
What is the remainder when 29177761 is divided by 2084124?
25
Calculate the remainder when 259584 is divided by 28792.
456
Calculate the remainder when 45366 is divided by 2628.
690
Calculate the remainder when 264308 is divided by 87521.
1745
What is the remainder when 2134968 is divided by 7?
3
What is the remainder when 709365 is divided by 118222?
33
Calculate the remainder when 61711 is divided by 622.
133
What is the remainder when 25732401 is divided by 5468?
5461
What is the remainder when 118616 is divided by 552?
488
What is the remainder when 538044 is divided by 17925?
294
Calculate the remainder when 13460 is divided by 6694.
72
What is the remainder when 19739863 is divided by 37245?
13
Calculate the remainder when 824655 is divided by 9932.
299
What is the remainder when 414748 is divided by 6283?
70
What is the remainder when 1333507 is divided by 102577?
6
What is the remainder when 13914290 is divided by 1987755?
5
What is the remainder when 3783 is divided by 2775?
1008
What is the remainder when 22915455 is divided by 7638476?
27
Calculate the remainder when 15435256 is divided by 266123.
122
Calculate the remainder when 52795 is divided by 16416.
3547
What is the remainder when 346555292 is divided by 1519?
1518
Calculate the remainder when 655231 is divided by 41.
10
Calculate the remainder when 7053615 is divided by 1007652.
51
What is the remainder when 1594998 is divided by 7045?
2828
What is the remainder when 40096 is divided by 39502?
594
Calculate the remainder when 10106247 is divided by 5053099.
49
Calculate the remainder when 838984 is divided by 237.